{"id":746,"date":"2021-04-06T07:54:35","date_gmt":"2021-04-06T07:54:35","guid":{"rendered":"https:\/\/dev.autocaresgrupobenidorm.com\/?page_id=746"},"modified":"2021-04-20T10:30:48","modified_gmt":"2021-04-20T10:30:48","slug":"trabaje-con-nosotros","status":"publish","type":"page","link":"https:\/\/autocaresgrupobenidorm.com\/es\/trabaje-con-nosotros\/","title":{"rendered":"Trabaje con nosotros"},"content":{"rendered":"<p>[et_pb_section fb_built=\u00bb1&#8243; admin_label=\u00bbHeader\u00bb _builder_version=\u00bb4.9.3&#8243; background_color=\u00bbRGBA(0,0,0,0)\u00bb use_background_color_gradient=\u00bbon\u00bb background_color_gradient_start=\u00bbrgba(10,1,1,0)\u00bb background_color_gradient_end=\u00bbrgba(10,0,4,0.56)\u00bb background_color_gradient_type=\u00bbradial\u00bb background_color_gradient_start_position=\u00bb15%\u00bb background_color_gradient_overlays_image=\u00bbon\u00bb background_image=\u00bbhttps:\/\/autocaresgrupobenidorm.com\/wp-content\/uploads\/2021\/04\/DSC_5403b-scaled-e1617261402905.jpg\u00bb hover_enabled=\u00bb0&#8243; locked=\u00bboff\u00bb title_text=\u00bbDSC_5403b\u00bb sticky_enabled=\u00bb0&#8243;][et_pb_row _builder_version=\u00bb4.9.3&#8243;][et_pb_column type=\u00bb4_4&#8243; _builder_version=\u00bb3.25&#8243; custom_padding=\u00bb|||\u00bb custom_padding__hover=\u00bb|||\u00bb][et_pb_text ul_type=\u00bbcircle\u00bb _builder_version=\u00bb4.9.3&#8243; text_font=\u00bb||||||||\u00bb text_font_size=\u00bb18px\u00bb text_line_height=\u00bb2em\u00bb ul_font=\u00bb||||||||\u00bb ul_font_size=\u00bb18px\u00bb ul_line_height=\u00bb2em\u00bb header_font=\u00bbMontserrat|700|||||||\u00bb header_font_size=\u00bb50px\u00bb header_line_height=\u00bb1.2em\u00bb text_orientation=\u00bbcenter\u00bb background_layout=\u00bbdark\u00bb header_font_size_tablet=\u00bb40px\u00bb header_font_size_phone=\u00bb28px\u00bb header_font_size_last_edited=\u00bbon|phone\u00bb]<\/p>\n<h1>Trabaje con nosotros<br \/><span style=\"font-family: 'Open Sans', Arial, sans-serif; font-size: 18px; font-weight: 500;\">\u00danete a un equipo profesional y amplia tu experiencia<\/span><\/h1>\n<p>[\/et_pb_text][\/et_pb_column][\/et_pb_row][\/et_pb_section][et_pb_section fb_built=\u00bb1&#8243; specialty=\u00bbon\u00bb _builder_version=\u00bb4.9.3&#8243; _module_preset=\u00bbdefault\u00bb][et_pb_column type=\u00bb1_2&#8243; _builder_version=\u00bb3.25&#8243; custom_padding=\u00bb|||\u00bb custom_padding__hover=\u00bb|||\u00bb][et_pb_text _builder_version=\u00bb4.9.3&#8243; _module_preset=\u00bbdefault\u00bb custom_padding=\u00bb|||0px||\u00bb]<\/p>\n<p>Si lo desea, puede dejar su curr\u00edculum enviandonos un\u00a0 correo electr\u00f3nico a la direcci\u00f3n indicada.<\/p>\n<p>&nbsp;<\/p>\n<p>[\/et_pb_text][et_pb_blurb title=\u00bbDirecci\u00f3n\u00bb use_icon=\u00bbon\u00bb font_icon=\u00bb%%249%%\u00bb icon_color=\u00bb#0C71C3&#8243; icon_placement=\u00bbleft\u00bb use_icon_font_size=\u00bbon\u00bb _builder_version=\u00bb4.8.2&#8243; header_font=\u00bbMontserrat|700|||||||\u00bb header_font_size=\u00bb16px\u00bb header_line_height=\u00bb1.4em\u00bb body_font=\u00bb||||||||\u00bb body_line_height=\u00bb2em\u00bb background_color=\u00bbRGBA(0,0,0,0)\u00bb]<\/p>\n<p style=\"text-align: left;\">Cam\u00ed Salt de l\u00b4aigua 15, Benidorm<br \/>03503 \u2013 Alicante \u2013 Espa\u00f1a<\/p>\n<p>[\/et_pb_blurb][et_pb_blurb title=\u00bbCorreo Electr\u00f3nico\u00bb use_icon=\u00bbon\u00bb font_icon=\u00bb%%238%%\u00bb icon_color=\u00bb#0C71C3&#8243; icon_placement=\u00bbleft\u00bb use_icon_font_size=\u00bbon\u00bb _builder_version=\u00bb4.9.3&#8243; header_font=\u00bbMontserrat|700|||||||\u00bb header_font_size=\u00bb16px\u00bb header_line_height=\u00bb1.4em\u00bb body_font=\u00bb||||||||\u00bb body_line_height=\u00bb2em\u00bb]<\/p>\n<p>info@autocaresgrupobenidorm.com<\/p>\n<p>[\/et_pb_blurb][\/et_pb_column][et_pb_column type=\u00bb1_2&#8243; specialty_columns=\u00bb2&#8243; _builder_version=\u00bb3.25&#8243; custom_padding=\u00bb|||\u00bb custom_padding__hover=\u00bb|||\u00bb][et_pb_row_inner _builder_version=\u00bb4.9.3&#8243; _module_preset=\u00bbdefault\u00bb][et_pb_column_inner saved_specialty_column_type=\u00bb1_2&#8243; _builder_version=\u00bb4.9.3&#8243; _module_preset=\u00bbdefault\u00bb][et_pb_gallery gallery_ids=\u00bb774,772&#8243; show_title_and_caption=\u00bboff\u00bb show_pagination=\u00bboff\u00bb _builder_version=\u00bb4.9.3&#8243; _module_preset=\u00bbdefault\u00bb][\/et_pb_gallery][\/et_pb_column_inner][\/et_pb_row_inner][\/et_pb_column][\/et_pb_section]<\/p>\n","protected":false},"excerpt":{"rendered":"<p>Trabaje con nosotros\u00danete a un equipo profesional y amplia tu experienciaSi lo desea, puede dejar su curr\u00edculum enviandonos un\u00a0 correo electr\u00f3nico a la direcci\u00f3n indicada. &nbsp;Cam\u00ed Salt de l\u00b4aigua 15, Benidorm03503 \u2013 Alicante \u2013 Espa\u00f1ainfo@autocaresgrupobenidorm.com<\/p>\n","protected":false},"author":1,"featured_media":0,"parent":0,"menu_order":0,"comment_status":"closed","ping_status":"closed","template":"","meta":{"_et_pb_use_builder":"on","_et_pb_old_content":"","_et_gb_content_width":"","footnotes":""},"class_list":["post-746","page","type-page","status-publish","hentry"],"yoast_head":"<!-- This site is optimized with the Yoast SEO plugin v24.9 - https:\/\/yoast.com\/wordpress\/plugins\/seo\/ -->\n<title>Trabaje con nosotros - Autocares Grupo Benidorm<\/title>\n<meta name=\"robots\" content=\"index, follow, max-snippet:-1, max-image-preview:large, max-video-preview:-1\" \/>\n<link rel=\"canonical\" href=\"https:\/\/autocaresgrupobenidorm.com\/es\/trabaje-con-nosotros\/\" \/>\n<meta property=\"og:locale\" content=\"es_ES\" \/>\n<meta property=\"og:type\" content=\"article\" \/>\n<meta property=\"og:title\" content=\"Trabaje con nosotros - Autocares Grupo Benidorm\" \/>\n<meta property=\"og:description\" content=\"Trabaje con nosotros\u00danete a un equipo profesional y amplia tu experienciaSi lo desea, puede dejar su curr\u00edculum enviandonos un\u00a0 correo electr\u00f3nico a la direcci\u00f3n indicada. &nbsp;Cam\u00ed Salt de l\u00b4aigua 15, Benidorm03503 \u2013 Alicante \u2013 Espa\u00f1ainfo@autocaresgrupobenidorm.com\" \/>\n<meta property=\"og:url\" content=\"https:\/\/autocaresgrupobenidorm.com\/es\/trabaje-con-nosotros\/\" \/>\n<meta property=\"og:site_name\" content=\"Autocares Grupo Benidorm\" \/>\n<meta property=\"article:modified_time\" content=\"2021-04-20T10:30:48+00:00\" \/>\n<meta name=\"twitter:card\" content=\"summary_large_image\" \/>\n<meta name=\"twitter:label1\" content=\"Tiempo de lectura\" \/>\n\t<meta name=\"twitter:data1\" content=\"2 minutos\" \/>\n<script type=\"application\/ld+json\" class=\"yoast-schema-graph\">{\"@context\":\"https:\/\/schema.org\",\"@graph\":[{\"@type\":\"WebPage\",\"@id\":\"https:\/\/autocaresgrupobenidorm.com\/es\/trabaje-con-nosotros\/\",\"url\":\"https:\/\/autocaresgrupobenidorm.com\/es\/trabaje-con-nosotros\/\",\"name\":\"Trabaje con nosotros - Autocares Grupo Benidorm\",\"isPartOf\":{\"@id\":\"https:\/\/autocaresgrupobenidorm.com\/es\/#website\"},\"datePublished\":\"2021-04-06T07:54:35+00:00\",\"dateModified\":\"2021-04-20T10:30:48+00:00\",\"breadcrumb\":{\"@id\":\"https:\/\/autocaresgrupobenidorm.com\/es\/trabaje-con-nosotros\/#breadcrumb\"},\"inLanguage\":\"es\",\"potentialAction\":[{\"@type\":\"ReadAction\",\"target\":[\"https:\/\/autocaresgrupobenidorm.com\/es\/trabaje-con-nosotros\/\"]}]},{\"@type\":\"BreadcrumbList\",\"@id\":\"https:\/\/autocaresgrupobenidorm.com\/es\/trabaje-con-nosotros\/#breadcrumb\",\"itemListElement\":[{\"@type\":\"ListItem\",\"position\":1,\"name\":\"Portada\",\"item\":\"https:\/\/autocaresgrupobenidorm.com\/en\/\"},{\"@type\":\"ListItem\",\"position\":2,\"name\":\"Trabaje con nosotros\"}]},{\"@type\":\"WebSite\",\"@id\":\"https:\/\/autocaresgrupobenidorm.com\/es\/#website\",\"url\":\"https:\/\/autocaresgrupobenidorm.com\/es\/\",\"name\":\"Autocares Grupo Benidorm\",\"description\":\"Alquiler de autobuses y veh\u00edculos VIP\",\"publisher\":{\"@id\":\"https:\/\/autocaresgrupobenidorm.com\/es\/#organization\"},\"potentialAction\":[{\"@type\":\"SearchAction\",\"target\":{\"@type\":\"EntryPoint\",\"urlTemplate\":\"https:\/\/autocaresgrupobenidorm.com\/es\/?s={search_term_string}\"},\"query-input\":{\"@type\":\"PropertyValueSpecification\",\"valueRequired\":true,\"valueName\":\"search_term_string\"}}],\"inLanguage\":\"es\"},{\"@type\":\"Organization\",\"@id\":\"https:\/\/autocaresgrupobenidorm.com\/es\/#organization\",\"name\":\"Autocares Grupo Benidorm\",\"url\":\"https:\/\/autocaresgrupobenidorm.com\/es\/\",\"logo\":{\"@type\":\"ImageObject\",\"inLanguage\":\"es\",\"@id\":\"https:\/\/autocaresgrupobenidorm.com\/es\/#\/schema\/logo\/image\/\",\"url\":\"https:\/\/autocaresgrupobenidorm.com\/wp-content\/uploads\/2021\/01\/LOGO-AGB-500.png\",\"contentUrl\":\"https:\/\/autocaresgrupobenidorm.com\/wp-content\/uploads\/2021\/01\/LOGO-AGB-500.png\",\"width\":500,\"height\":184,\"caption\":\"Autocares Grupo Benidorm\"},\"image\":{\"@id\":\"https:\/\/autocaresgrupobenidorm.com\/es\/#\/schema\/logo\/image\/\"}}]}<\/script>\n<!-- \/ Yoast SEO plugin. -->","yoast_head_json":{"title":"Trabaje con nosotros - Autocares Grupo Benidorm","robots":{"index":"index","follow":"follow","max-snippet":"max-snippet:-1","max-image-preview":"max-image-preview:large","max-video-preview":"max-video-preview:-1"},"canonical":"https:\/\/autocaresgrupobenidorm.com\/es\/trabaje-con-nosotros\/","og_locale":"es_ES","og_type":"article","og_title":"Trabaje con nosotros - Autocares Grupo Benidorm","og_description":"Trabaje con nosotros\u00danete a un equipo profesional y amplia tu experienciaSi lo desea, puede dejar su curr\u00edculum enviandonos un\u00a0 correo electr\u00f3nico a la direcci\u00f3n indicada. &nbsp;Cam\u00ed Salt de l\u00b4aigua 15, Benidorm03503 \u2013 Alicante \u2013 Espa\u00f1ainfo@autocaresgrupobenidorm.com","og_url":"https:\/\/autocaresgrupobenidorm.com\/es\/trabaje-con-nosotros\/","og_site_name":"Autocares Grupo Benidorm","article_modified_time":"2021-04-20T10:30:48+00:00","twitter_card":"summary_large_image","twitter_misc":{"Tiempo de lectura":"2 minutos"},"schema":{"@context":"https:\/\/schema.org","@graph":[{"@type":"WebPage","@id":"https:\/\/autocaresgrupobenidorm.com\/es\/trabaje-con-nosotros\/","url":"https:\/\/autocaresgrupobenidorm.com\/es\/trabaje-con-nosotros\/","name":"Trabaje con nosotros - Autocares Grupo Benidorm","isPartOf":{"@id":"https:\/\/autocaresgrupobenidorm.com\/es\/#website"},"datePublished":"2021-04-06T07:54:35+00:00","dateModified":"2021-04-20T10:30:48+00:00","breadcrumb":{"@id":"https:\/\/autocaresgrupobenidorm.com\/es\/trabaje-con-nosotros\/#breadcrumb"},"inLanguage":"es","potentialAction":[{"@type":"ReadAction","target":["https:\/\/autocaresgrupobenidorm.com\/es\/trabaje-con-nosotros\/"]}]},{"@type":"BreadcrumbList","@id":"https:\/\/autocaresgrupobenidorm.com\/es\/trabaje-con-nosotros\/#breadcrumb","itemListElement":[{"@type":"ListItem","position":1,"name":"Portada","item":"https:\/\/autocaresgrupobenidorm.com\/en\/"},{"@type":"ListItem","position":2,"name":"Trabaje con nosotros"}]},{"@type":"WebSite","@id":"https:\/\/autocaresgrupobenidorm.com\/es\/#website","url":"https:\/\/autocaresgrupobenidorm.com\/es\/","name":"Autocares Grupo Benidorm","description":"Alquiler de autobuses y veh\u00edculos VIP","publisher":{"@id":"https:\/\/autocaresgrupobenidorm.com\/es\/#organization"},"potentialAction":[{"@type":"SearchAction","target":{"@type":"EntryPoint","urlTemplate":"https:\/\/autocaresgrupobenidorm.com\/es\/?s={search_term_string}"},"query-input":{"@type":"PropertyValueSpecification","valueRequired":true,"valueName":"search_term_string"}}],"inLanguage":"es"},{"@type":"Organization","@id":"https:\/\/autocaresgrupobenidorm.com\/es\/#organization","name":"Autocares Grupo Benidorm","url":"https:\/\/autocaresgrupobenidorm.com\/es\/","logo":{"@type":"ImageObject","inLanguage":"es","@id":"https:\/\/autocaresgrupobenidorm.com\/es\/#\/schema\/logo\/image\/","url":"https:\/\/autocaresgrupobenidorm.com\/wp-content\/uploads\/2021\/01\/LOGO-AGB-500.png","contentUrl":"https:\/\/autocaresgrupobenidorm.com\/wp-content\/uploads\/2021\/01\/LOGO-AGB-500.png","width":500,"height":184,"caption":"Autocares Grupo Benidorm"},"image":{"@id":"https:\/\/autocaresgrupobenidorm.com\/es\/#\/schema\/logo\/image\/"}}]}},"_links":{"self":[{"href":"https:\/\/autocaresgrupobenidorm.com\/es\/wp-json\/wp\/v2\/pages\/746","targetHints":{"allow":["GET"]}}],"collection":[{"href":"https:\/\/autocaresgrupobenidorm.com\/es\/wp-json\/wp\/v2\/pages"}],"about":[{"href":"https:\/\/autocaresgrupobenidorm.com\/es\/wp-json\/wp\/v2\/types\/page"}],"author":[{"embeddable":true,"href":"https:\/\/autocaresgrupobenidorm.com\/es\/wp-json\/wp\/v2\/users\/1"}],"replies":[{"embeddable":true,"href":"https:\/\/autocaresgrupobenidorm.com\/es\/wp-json\/wp\/v2\/comments?post=746"}],"version-history":[{"count":10,"href":"https:\/\/autocaresgrupobenidorm.com\/es\/wp-json\/wp\/v2\/pages\/746\/revisions"}],"predecessor-version":[{"id":979,"href":"https:\/\/autocaresgrupobenidorm.com\/es\/wp-json\/wp\/v2\/pages\/746\/revisions\/979"}],"wp:attachment":[{"href":"https:\/\/autocaresgrupobenidorm.com\/es\/wp-json\/wp\/v2\/media?parent=746"}],"curies":[{"name":"wp","href":"https:\/\/api.w.org\/{rel}","templated":true}]}}

<p>[et_pb_section fb_built=»1&#8243; admin_label=»Header» _builder_version=»4.9.3&#8243; background_color=»RGBA(0,0,0,0)» use_background_color_gradient=»on» background_color_gradient_start=»rgba(10,1,1,0)» background_color_gradient_end=»rgba(10,0,4,0.56)» background_color_gradient_type=»radial» background_color_gradient_start_position=»15%» background_color_gradient_overlays_image=»on» background_image=»https://autocaresgrupobenidorm.com/wp-content/uploads/2021/04/DSC_5403b-scaled-e1617261402905.jpg» hover_enabled=»0&#8243; locked=»off» title_text=»DSC_5403b» sticky_enabled=»0&#8243;][et_pb_row _builder_version=»4.9.3&#8243;][et_pb_column type=»4_4&#8243; _builder_version=»3.25&#8243; custom_padding=»|||» custom_padding__hover=»|||»][et_pb_text ul_type=»circle» _builder_version=»4.9.3&#8243; text_font=»||||||||» text_font_size=»18px» text_line_height=»2em» ul_font=»||||||||» ul_font_size=»18px» ul_line_height=»2em» header_font=»Montserrat|700|||||||» header_font_size=»50px» header_line_height=»1.2em» text_orientation=»center» background_layout=»dark» header_font_size_tablet=»40px» header_font_size_phone=»28px» header_font_size_last_edited=»on|phone»]</p>
<h1>Trabaje con nosotros<br /><span style="font-family: 'Open Sans', Arial, sans-serif; font-size: 18px; font-weight: 500;">Únete a un equipo profesional y amplia tu experiencia</span></h1>
<p>[/et_pb_text][/et_pb_column][/et_pb_row][/et_pb_section][et_pb_section fb_built=»1&#8243; specialty=»on» _builder_version=»4.9.3&#8243; _module_preset=»default»][et_pb_column type=»1_2&#8243; _builder_version=»3.25&#8243; custom_padding=»|||» custom_padding__hover=»|||»][et_pb_text _builder_version=»4.9.3&#8243; _module_preset=»default» custom_padding=»|||0px||»]</p>
<p>Si lo desea, puede dejar su currículum enviandonos un  correo electrónico a la dirección indicada.</p>
<p>&nbsp;</p>
<p>[/et_pb_text][et_pb_blurb title=»Dirección» use_icon=»on» font_icon=»%%249%%» icon_color=»#0C71C3&#8243; icon_placement=»left» use_icon_font_size=»on» _builder_version=»4.8.2&#8243; header_font=»Montserrat|700|||||||» header_font_size=»16px» header_line_height=»1.4em» body_font=»||||||||» body_line_height=»2em» background_color=»RGBA(0,0,0,0)»]</p>
<p style="text-align: left;">Camí Salt de l´aigua 15, Benidorm<br />03503 – Alicante – España</p>
<p>[/et_pb_blurb][et_pb_blurb title=»Correo Electrónico» use_icon=»on» font_icon=»%%238%%» icon_color=»#0C71C3&#8243; icon_placement=»left» use_icon_font_size=»on» _builder_version=»4.9.3&#8243; header_font=»Montserrat|700|||||||» header_font_size=»16px» header_line_height=»1.4em» body_font=»||||||||» body_line_height=»2em»]</p>
<p>info@autocaresgrupobenidorm.com</p>
<p>[/et_pb_blurb][/et_pb_column][et_pb_column type=»1_2&#8243; specialty_columns=»2&#8243; _builder_version=»3.25&#8243; custom_padding=»|||» custom_padding__hover=»|||»][et_pb_row_inner _builder_version=»4.9.3&#8243; _module_preset=»default»][et_pb_column_inner saved_specialty_column_type=»1_2&#8243; _builder_version=»4.9.3&#8243; _module_preset=»default»][et_pb_gallery gallery_ids=»774,772&#8243; show_title_and_caption=»off» show_pagination=»off» _builder_version=»4.9.3&#8243; _module_preset=»default»][/et_pb_gallery][/et_pb_column_inner][/et_pb_row_inner][/et_pb_column][/et_pb_section]</p>

<p>Trabaje con nosotrosÚnete a un equipo profesional y amplia tu experienciaSi lo desea, puede dejar su currículum enviandonos un  correo electrónico a la dirección indicada. &nbsp;Camí Salt de l´aigua 15, Benidorm03503 – Alicante – Españainfo@autocaresgrupobenidorm.com</p>

<!-- This site is optimized with the Yoast SEO plugin v24.9 - https://yoast.com/wordpress/plugins/seo/ -->
<title>Trabaje con nosotros - Autocares Grupo Benidorm</title>
<meta name="robots" content="index, follow, max-snippet:-1, max-image-preview:large, max-video-preview:-1" />
<link rel="canonical" href="https://autocaresgrupobenidorm.com/es/trabaje-con-nosotros/" />
<meta property="og:locale" content="es_ES" />
<meta property="og:type" content="article" />
<meta property="og:title" content="Trabaje con nosotros - Autocares Grupo Benidorm" />
<meta property="og:description" content="Trabaje con nosotrosÚnete a un equipo profesional y amplia tu experienciaSi lo desea, puede dejar su currículum enviandonos un  correo electrónico a la dirección indicada. &nbsp;Camí Salt de l´aigua 15, Benidorm03503 – Alicante – Españainfo@autocaresgrupobenidorm.com" />
<meta property="og:url" content="https://autocaresgrupobenidorm.com/es/trabaje-con-nosotros/" />
<meta property="og:site_name" content="Autocares Grupo Benidorm" />
<meta property="article:modified_time" content="2021-04-20T10:30:48+00:00" />
<meta name="twitter:card" content="summary_large_image" />
<meta name="twitter:label1" content="Tiempo de lectura" />
	<meta name="twitter:data1" content="2 minutos" />
<script type="application/ld+json" class="yoast-schema-graph">{"@context":"https://schema.org","@graph":[{"@type":"WebPage","@id":"https://autocaresgrupobenidorm.com/es/trabaje-con-nosotros/","url":"https://autocaresgrupobenidorm.com/es/trabaje-con-nosotros/","name":"Trabaje con nosotros - Autocares Grupo Benidorm","isPartOf":{"@id":"https://autocaresgrupobenidorm.com/es/#website"},"datePublished":"2021-04-06T07:54:35+00:00","dateModified":"2021-04-20T10:30:48+00:00","breadcrumb":{"@id":"https://autocaresgrupobenidorm.com/es/trabaje-con-nosotros/#breadcrumb"},"inLanguage":"es","potentialAction":[{"@type":"ReadAction","target":["https://autocaresgrupobenidorm.com/es/trabaje-con-nosotros/"]}]},{"@type":"BreadcrumbList","@id":"https://autocaresgrupobenidorm.com/es/trabaje-con-nosotros/#breadcrumb","itemListElement":[{"@type":"ListItem","position":1,"name":"Portada","item":"https://autocaresgrupobenidorm.com/en/"},{"@type":"ListItem","position":2,"name":"Trabaje con nosotros"}]},{"@type":"WebSite","@id":"https://autocaresgrupobenidorm.com/es/#website","url":"https://autocaresgrupobenidorm.com/es/","name":"Autocares Grupo Benidorm","description":"Alquiler de autobuses y vehículos VIP","publisher":{"@id":"https://autocaresgrupobenidorm.com/es/#organization"},"potentialAction":[{"@type":"SearchAction","target":{"@type":"EntryPoint","urlTemplate":"https://autocaresgrupobenidorm.com/es/?s={search_term_string}"},"query-input":{"@type":"PropertyValueSpecification","valueRequired":true,"valueName":"search_term_string"}}],"inLanguage":"es"},{"@type":"Organization","@id":"https://autocaresgrupobenidorm.com/es/#organization","name":"Autocares Grupo Benidorm","url":"https://autocaresgrupobenidorm.com/es/","logo":{"@type":"ImageObject","inLanguage":"es","@id":"https://autocaresgrupobenidorm.com/es/#/schema/logo/image/","url":"https://autocaresgrupobenidorm.com/wp-content/uploads/2021/01/LOGO-AGB-500.png","contentUrl":"https://autocaresgrupobenidorm.com/wp-content/uploads/2021/01/LOGO-AGB-500.png","width":500,"height":184,"caption":"Autocares Grupo Benidorm"},"image":{"@id":"https://autocaresgrupobenidorm.com/es/#/schema/logo/image/"}}]}</script>
<!-- / Yoast SEO plugin. -->

Trabaje con nosotrosÚnete a un equipo profesional y amplia tu experienciaSi lo desea, puede dejar su currículum enviandonos un  correo electrónico a la dirección indicada. &nbsp;Camí Salt de l´aigua 15, Benidorm03503 – Alicante – Españainfo@autocaresgrupobenidorm.com

Alquiler de autobuses y vehículos VIP
